**3 + 2*c**2 - 3*c - 4. Let s be p(3). What is the greatest common divisor of s and g?
17
Let z = 514 - 448. Calculate the greatest common factor of 561 and z.
33
Let j be (4 - (-11 + -555)) + 0 + 2. What is the highest common divisor of 44 and j?
44
Let t(y) = y**2 + 12*y - 9. Let s be t(-13). Suppose -33 = s*a - 93. Let r be 4/(-3)*a*-1. Calculate the highest common divisor of 20 and r.
20
Suppose -713 = -73*w + 2864. Calculate the greatest common factor of 3479 and w.
49
Let p(c) = 1 - 11 + c**2 + 11 + 4. Let q be p(11). Suppose 3*t - x - 39 = -0*x, -31 = -2*t - x. What is the greatest common factor of t and q?
14
Let b(m) = -m**2 - 9*m + 12. Let c be b(1). What is the greatest common divisor of 326 and c?
2
Let u = -62 - -152. Let f = -12 - -9. Let n be (-1)/f - 88/(-6). Calculate the greatest common divisor of n and u.
15
Let g = 323 - 233. Calculate the greatest common factor of g and 120.
30
Suppose 679*m - 216 = 676*m. What is the greatest common divisor of m and 126?
18
Let n = 10 - -143. Let s(x) = -67*x**2 + 2*x - 2. Let u be s(1). Let t be 45/(-12) + 4 + u/(-4). Calculate the greatest common divisor of t and n.
17
Let g(a) = a + 24. Let r(k) = -2*k - 48. Let n(u) = 5*g(u) + 2*r(u). Let v be n(-22). Suppose y + y = 6. Calculate the greatest common divisor of y and v.
1
Let f be 1*(-9 - 0)/(-3). Let z be (5 - (f - 0))*3. Let k = 13 - z. What is the greatest common factor of k and 49?
7
Let m = 11 - 20. Let h = 11 + m. Suppose 18 - h = 4*n, 4*n = 5*f - 119. Calculate the highest common divisor of 9 and f.
9
Suppose -4*v - 4*k = -2676, 4*k = 5*v - v - 2636. What is the highest common factor of v and 24?
8
Let h = -3 - -10. Suppose -3*s + v - 1 = -v, 4*s + 2*v = 22. Suppose s*b - 72 = 117. What is the highest common factor of b and h?
7
Suppose 0 = -4*k - 13*p + 9*p + 436, 0 = -k + 4*p + 134. What is the highest common divisor of k and 285?
57
Let k(x) = x**3 - 5*x**2 + 3*x + 3. Let y be k(5). Let o = 78 - 78. Suppose -40*z + 44*z - 36 = o. What is the highest common factor of z and y?
9
Let h = -92 - -245. Calculate the highest common divisor of 119 and h.
17
Suppose -252 = 2*s - 4*s. Let t = -63 + s. Suppose 0 = 3*z - 12 - 51. What is the greatest common factor of t and z?
21
Let m(a) = 9*a + 109. Let d be m(-7). What is the highest common divisor of 690 and d?
46
Let u = 129 + -117. Calculate the highest common divisor of 768 and u.
12
Let b be 273/(-91) + 81/(3 + -2). What is the highest common factor of 65 and b?
13
Let j = 3 + 16. Let o = j - 15. Let u be (-2)/o*2*-26. Calculate the greatest common divisor of u and 65.
13
Suppose -5*h + 16 + 109 = 5*j, -2*h + 6 = 0. Calculate the greatest common divisor of 11 and j.
11
Let m be 2/(-10) + -8 + (-402)/(-10). Calculate the greatest common divisor of 288 and m.
32
Let h = -2 + 5. Suppose 0*a = h*a. Suppose 4*g - 3*c + 7 = a, -3 = 2*g - 2*c + 3. What is the greatest common divisor of 3 and g?
1
Let q be ((-14)/(-8))/(103/6180). Calculate the greatest common factor of q and 350.
35
Let a(o) = 24*o**3 - o**2 - o. Let m be a(-1). Let z be (m/15)/(3/(-120)). Let i be ((-9)/(-2))/(24/z). What is the greatest common factor of 60 and i?
12
Let i be (48/(-42))/((-8)/364). What is the highest common factor of i and 20?
4
Let o be -5*-4*(-3)/12. Let a = o - -9. Suppose a*x = 0, 0 = 2*v - 6*v - 2*x + 16. Calculate the greatest common divisor of v and 12.
4
Let c = 27 + -15. What is the greatest common divisor of 4 and c?
4
Suppose -11*v + 14 = -910. What is the greatest common factor of 21 and v?
21
Suppose -10*o = 100 - 210. Calculate the greatest common factor of o and 11.
11
Let k(h) = -2*h**3 + h**2 - h + 69. Let l be k(0). Let d = l + -65. Calculate the highest common factor of 16 and d.
4
Let h be 4/(-14) - 7414/(-77). Suppose 0 = -4*m + 57 + 7. Calculate the greatest common divisor of h and m.
16
Let q = 124 + 76. Calculate the highest common divisor of 16 and q.
8
Suppose -5*p + 4*p = -w, 2*p + 2 = w. Let v be 25 + 6 + w + 3. What is the greatest common divisor of 16 and v?
16
Let g(v) = -v**2 - 27*v + 16. Let k be g(-26). Calculate the highest common divisor of k and 189.
21
Suppose 2*u + 3*h = 40 + 41, -5*u = -2*h - 193. Calculate the greatest common factor of 793 and u.
13
Let x(l) = -11*l**2 + 13*l - 9. Let g(i) = -13*i**2 + 14*i - 8. Let j(h) = 5*g(h) - 6*x(h). Let u be j(6). Calculate the greatest common factor of u and 3.
1
Let z(r) = -r**2 + 13*r - 14. Let d be z(12). Let j be (-4)/(2*d) + 1. Suppose 0*h - 22 = -j*h. What is the highest common factor of h and 88?
11
Let c be (-4)/(-16) - 749/(-28). Calculate the greatest common factor of c and 297.
27
Let m(h) = -10*h - 219. Let a be m(-22). Let v = 5 + -5. Let z = v + 3. Calculate the greatest common factor of z and a.
1
Let s = 192 + -105. What is the highest common factor of 116 and s?
29
Let m(a) = 9 - 3*a + 5*a**2 + 10*a - 4*a**2. Let y be m(-6). Calculate the highest common divisor of 15 and y.
3
Suppose -3*c = -5*c + 2. Let t(n) = 9*n**2 - 2*n + 1. Let w be t(c). Calculate the highest common divisor of w and 8.
8
Let p be 2/(10/8543) - 207/345. Calculate the highest common divisor of 28 and p.
28
Suppose -9*x - 3*x = -1596. Suppose -7*l + x = 49. Calculate the greatest common divisor of l and 72.
12
Let l(n) = n**3 - 7*n**2 + 5*n + 2. Let k be l(6). Let w = k + 12. Calculate the highest common divisor of w and 32.
8
Let k be (-1)/(4/(-20) + 0). Let c be 2*k*(-48)/(-30). Suppose -r - 28 = -2*z, -3*z - r + 36 + c = 0. What is the highest common divisor of 24 and z?
8
Suppose 106*o = 94*o + 360. What is the highest common factor of o and 15?
15
Let t(q) be the third derivative of 29*q**4/12 - q**3/6 - 5*q**2. Let c be t(2). Suppose -5*f + 0*f = -c. Calculate the highest common divisor of 161 and f.
23
Let c be (-7 + -3 + 11)/((-1)/(-71)). Calculate the highest common factor of c and 284.
71
Suppose 2*z - l = -3, -18 = 5*z - 2*l + 3*l. Let q be (-286)/z - 4/(-6). What is the greatest common divisor of q and 12?
12
Let j = 458 + -419. What is the highest common factor of 78 and j?
39
Let g(z) = -7. Let o(y) = -y + 14. Let u(h) = 7*g(h) + 3*o(h). Let d be u(-4). Suppose 52 - 157 = -d*t. What is the greatest common factor of 3 and t?
3
Let r be 0 + 46/7 - 327/(-763). What is the highest common factor of r and 903?
7
Suppose -4*t - 160 + 472 = 0. Calculate the greatest common factor of t and 24.
6
Let d be 2 + 1/(2 + -3). Let x = 21 - 31. Let v be (-7 + 1)*x/15. What is the greatest common factor of v and d?
1
Let y = -1143 + 1233. Calculate the highest common factor of 170 and y.
10
Let h = 49 + -27. Let d = -42 + h. Let l = 22 + d. Calculate the highest common factor of 4 and l.
2
Suppose 38*y - 4329 = 25*y. Calculate the greatest common factor of 37 and y.
37
Let n = -386 + 552. What is the highest common factor of 2 and n?
2
Let n(m) be the third derivative of m**5/60 + m**4/4 - 5*m**3/6 - 11*m**2. Let h be n(5). Let w be 9 + 1/3*3. What is the highest common divisor of w and h?
10
Suppose 1 = 5*h - 49. Let r = 20752 + -20748. Calculate the greatest common factor of h and r.
2
Suppose -4*f = -f - 324. Suppose p + f = 5*p. What is the highest common factor of p and 9?
9
Suppose -5*n - 50 = -2*g, -2*n = 2*g + 3*g - 9. Let a be 2*21 - (n - -8). What is the highest common divisor of a and 168?
42
Suppose -4*r = -420 - 636. What is the highest common factor of 12 and r?
12
Suppose -181 = -2*g - 53. What is the greatest common divisor of g and 688?
16
Let n be 4 + (8 + -20 - -21). What is the greatest common divisor of 377 and n?
13
Let u be (0 + -1)/(2/(-10)). Let t(a) = a**2 + a - 12. Let h be t(-4). Suppose r - 11*r + 550 = h. Calculate the greatest common factor of u and r.
5
Let a(v) = -v - 1. Let n be a(-1). Suppose n = -f - 5*f + 240. Calculate the highest common factor of f and 5.
5
Let c(p) = p**3 - 14*p**2 - 17*p + 30. Let b be c(15). Suppose 4*s - 9 + 1 = b. What is the highest common factor of 5 and s?
1
Suppose 0 = -4*n - 4*a + 24, n - 24 = -3*n + 4*a. What is the highest common divisor of n and 294?
6
Let t(u) = 2*u - 8. Let o be t(11). Let j be (-21)/o - 294/(-4). What is the highest common divisor of j and 9?
9
Suppose -10*d + 13*d = -51. Let x = d + 32. Calculate the highest common divisor of x and 60.
15
Let y 